{"id":7,"date":"2008-12-09T11:43:48","date_gmt":"2008-12-09T10:43:48","guid":{"rendered":"http:\/\/www.refugiodelizara.com\/blog\/?page_id=7"},"modified":"2023-04-10T13:40:46","modified_gmt":"2023-04-10T12:40:46","slug":"instalaciones","status":"publish","type":"page","link":"https:\/\/www.refugiodelizara.com\/blog\/?page_id=7","title":{"rendered":"Entorno"},"content":{"rendered":"<p>El Valle de Arag\u00fc\u00e9s-Jasa es uno de los cuatro valles del Parque Natural declarado en el a\u00f1o 2006. Situado en el extremo occidental del Pirineo Aragon\u00e9s y con una extensi\u00f3n de 34.000 hect\u00e1reas, recoge una gran diversidad y riqueza tanto faun\u00edstica como geol\u00f3gica, siendo enclave de estudio y pr\u00e1ctica de actividades de naturaleza.<\/p>\n<p>Aqu\u00ed tienes algunas fotograf\u00edas de nuestro entorno m\u00e1s cercano:<\/p>\n<p>\u00a0<\/p>\n\n\n<figure class=\"wp-block-image size-full\"><a href=\"https:\/\/www.refugiodelizara.com\/blog\/wp-content\/uploads\/2023\/04\/IMG_7124.jpg\"><img loading=\"lazy\" decoding=\"async\" width=\"480\" height=\"640\" src=\"https:\/\/www.refugiodelizara.com\/blog\/wp-content\/uploads\/2023\/04\/IMG_7124.jpg\" alt=\"\" class=\"wp-image-1614\" srcset=\"https:\/\/www.refugiodelizara.com\/blog\/wp-content\/uploads\/2023\/04\/IMG_7124.jpg 480w, https:\/\/www.refugiodelizara.com\/blog\/wp-content\/uploads\/2023\/04\/IMG_7124-225x300.jpg 225w\" sizes=\"auto, (max-width: 480px) 100vw, 480px\" \/><\/a><figcaption class=\"wp-element-caption\"><em>La Chorrata<\/em>, a 10 minutos de nuestro refugio<\/figcaption><\/figure>\n\n\n\n<figure class=\"wp-block-image size-large is-resized\"><a href=\"https:\/\/www.refugiodelizara.com\/blog\/wp-content\/uploads\/2023\/04\/IMG_20180704_154954_203-2.jpg\"><img loading=\"lazy\" decoding=\"async\" src=\"https:\/\/www.refugiodelizara.com\/blog\/wp-content\/uploads\/2023\/04\/IMG_20180704_154954_203-2-1024x1024.jpg\" alt=\"\" class=\"wp-image-1616\" width=\"482\" height=\"482\" srcset=\"https:\/\/www.refugiodelizara.com\/blog\/wp-content\/uploads\/2023\/04\/IMG_20180704_154954_203-2-1024x1024.jpg 1024w, https:\/\/www.refugiodelizara.com\/blog\/wp-content\/uploads\/2023\/04\/IMG_20180704_154954_203-2-300x300.jpg 300w, https:\/\/www.refugiodelizara.com\/blog\/wp-content\/uploads\/2023\/04\/IMG_20180704_154954_203-2-150x150.jpg 150w, https:\/\/www.refugiodelizara.com\/blog\/wp-content\/uploads\/2023\/04\/IMG_20180704_154954_203-2-768x768.jpg 768w, https:\/\/www.refugiodelizara.com\/blog\/wp-content\/uploads\/2023\/04\/IMG_20180704_154954_203-2.jpg 1200w\" sizes=\"auto, (max-width: 482px) 100vw, 482px\" \/><\/a><figcaption class=\"wp-element-caption\">Plana Mistresa<\/figcaption><\/figure>\n\n\n\n<figure class=\"wp-block-image size-large is-resized\"><a href=\"https:\/\/www.refugiodelizara.com\/blog\/wp-content\/uploads\/2023\/04\/IMG-20180715-WA0004.jpg\"><img loading=\"lazy\" decoding=\"async\" src=\"https:\/\/www.refugiodelizara.com\/blog\/wp-content\/uploads\/2023\/04\/IMG-20180715-WA0004-1024x768.jpg\" alt=\"\" class=\"wp-image-1617\" width=\"485\" height=\"363\" srcset=\"https:\/\/www.refugiodelizara.com\/blog\/wp-content\/uploads\/2023\/04\/IMG-20180715-WA0004-1024x768.jpg 1024w, https:\/\/www.refugiodelizara.com\/blog\/wp-content\/uploads\/2023\/04\/IMG-20180715-WA0004-300x225.jpg 300w, https:\/\/www.refugiodelizara.com\/blog\/wp-content\/uploads\/2023\/04\/IMG-20180715-WA0004-768x576.jpg 768w, https:\/\/www.refugiodelizara.com\/blog\/wp-content\/uploads\/2023\/04\/IMG-20180715-WA0004-1536x1153.jpg 1536w, https:\/\/www.refugiodelizara.com\/blog\/wp-content\/uploads\/2023\/04\/IMG-20180715-WA0004.jpg 1599w\" sizes=\"auto, (max-width: 485px) 100vw, 485px\" \/><\/a><figcaption class=\"wp-element-caption\">Macizo de Bernera<\/figcaption><\/figure>\n","protected":false},"excerpt":{"rendered":"<p>El Valle de Arag\u00fc\u00e9s-Jasa es uno de los cuatro valles del Parque Natural declarado en el a\u00f1o 2006. Situado en el extremo occidental del Pirineo Aragon\u00e9s y con una extensi\u00f3n de 34.000 hect\u00e1reas, recoge una gran diversidad y riqueza tanto &hellip; <a href=\"https:\/\/www.refugiodelizara.com\/blog\/?page_id=7\">Sigue leyendo <span class=\"meta-nav\">&rarr;<\/span><\/a><\/p>\n","protected":false},"author":1,"featured_media":0,"parent":0,"menu_order":0,"comment_status":"open","ping_status":"open","template":"","meta":{"_monsterinsights_skip_tracking":false,"_monsterinsights_sitenote_active":false,"_monsterinsights_sitenote_note":"","_monsterinsights_sitenote_category":0,"footnotes":"","_links_to":"","_links_to_target":""},"class_list":["post-7","page","type-page","status-publish","hentry"],"aioseo_notices":[],"_links":{"self":[{"href":"https:\/\/www.refugiodelizara.com\/blog\/index.php?rest_route=\/wp\/v2\/pages\/7","targetHints":{"allow":["GET"]}}],"collection":[{"href":"https:\/\/www.refugiodelizara.com\/blog\/index.php?rest_route=\/wp\/v2\/pages"}],"about":[{"href":"https:\/\/www.refugiodelizara.com\/blog\/index.php?rest_route=\/wp\/v2\/types\/page"}],"author":[{"embeddable":true,"href":"https:\/\/www.refugiodelizara.com\/blog\/index.php?rest_route=\/wp\/v2\/users\/1"}],"replies":[{"embeddable":true,"href":"https:\/\/www.refugiodelizara.com\/blog\/index.php?rest_route=%2Fwp%2Fv2%2Fcomments&post=7"}],"version-history":[{"count":14,"href":"https:\/\/www.refugiodelizara.com\/blog\/index.php?rest_route=\/wp\/v2\/pages\/7\/revisions"}],"predecessor-version":[{"id":1619,"href":"https:\/\/www.refugiodelizara.com\/blog\/index.php?rest_route=\/wp\/v2\/pages\/7\/revisions\/1619"}],"wp:attachment":[{"href":"https:\/\/www.refugiodelizara.com\/blog\/index.php?rest_route=%2Fwp%2Fv2%2Fmedia&parent=7"}],"curies":[{"name":"wp","href":"https:\/\/api.w.org\/{rel}","templated":true}]}}